 10. Let u be y(-7). What is the highest common divisor of u and 100?
25
Let z be (38 + -3)*2/5. Let x(l) = -l + 2. Let q be x(2). Suppose 0*n + 3*n - 63 = q. What is the greatest common divisor of z and n?
7
Let i = 31 - 5. Calculate the greatest common divisor of 13 and i.
13
Let x(u) = -17*u - 4. Suppose 0 = -3*r + 8*r - 30. Suppose -2*h = 10 + r. Let s be x(h). Calculate the greatest common divisor of s and 12.
12
Let k(g) = 3*g**2 + 11*g + 8. Let c be k(-7). What is the highest common factor of c and 26?
26
Suppose 0 = -y - 3 - 2, 36 = o - 5*y. Calculate the greatest common factor of o and 11.
11
Let f be (-2)/7 + (-9)/(-7). What is the highest common factor of 8 and f?
1
Suppose 4*y = 2*y + 10. Suppose 5*w = -y*r + w + 79, w = -2*r + 34. Calculate the greatest common factor of 38 and r.
19
Suppose 5*o + 2 = 27. Suppose 3*q + 2*q - o*x = 40, -4*q - 5*x + 5 = 0. Suppose q*c = 2*c + 147. What is the highest common factor of c and 7?
7
Suppose 0 = -v - 2 + 11. What is the greatest common factor of 9 and v?
9
Let m(r) = -r - 1. Let o(t) = t**2 - t - 4. Let z be o(3). Let a = -1 - z. Let g be m(a). Calculate the highest common divisor of g and 10.
2
Let g(p) = 9*p - 1. Let c be 10*-1*(-6)/15. Let h(b) = 1. Let u(k) = c*h(k) + g(k). Let x be u(3). What is the highest common divisor of 6 and x?
6
Let c(n) = 17*n - 6*n + 8*n. Let l be c(7). Suppose 19 - 95 = -4*k. What is the highest common factor of k and l?
19
Suppose -4*j + 1924 = 2*u, -u - 982 = -2*u + 3*j. Let k be u/12 - (-2)/12. Calculate the greatest common factor of k and 9.
9
Suppose -4*i + 40 = -2*i. What is the greatest common factor of i and 60?
20
Let y(p) be the first derivative of p**4/4 + 4*p**3 + 3*p**2 - 3*p + 1. Let o be y(-11). What is the greatest common factor of o and 13?
13
Suppose -30 = 48*g - 49*g. Calculate the greatest common factor of 40 and g.
10
Suppose -1695 = 5*z - g - 4*g, -2*z - 5*g - 699 = 0. Let v be 3/(-4) + z/(-8). What is the highest common divisor of v and 28?
14
Let q(i) = -i**3 - 11*i**2 - 2*i - 16. Let a be q(-11). Let v be (a/(-15))/(2/(-50)). What is the greatest common divisor of 70 and v?
10
Let w be 1 + 7/(28/304). Calculate the greatest common divisor of 7 and w.
7
Suppose -o = o - 18. Let y be 30/(-4)*8/(-10). Let r be (-2)/(-6) + 34/y. Calculate the highest common divisor of o and r.
3
Suppose 5*g - 224 = -2*g. What is the highest common factor of 8 and g?
8
Let u be 5/((-10)/(-4)) + 4. Suppose -3 - 15 = -g. What is the highest common divisor of g and u?
6
Suppose -5*w = -5*f + 135, -4 = -3*f - w + 65. Suppose 5*u = 4*u + f. Calculate the greatest common divisor of 16 and u.
8
Suppose -d - 54 = 2*d. Let s be (2/3)/(d/(-135)). Calculate the highest common factor of 45 and s.
5
Let z be 18 - (-2 - 8/4). Let o be (-11)/3*(1 - z). Calculate the greatest common divisor of o and 11.
11
Suppose 2*b + 5*f + 0 = 34, -3*f + 6 = 0. Let x = -3 - 39. Let t = x - -102. What is the highest common divisor of b and t?
12
Let y be 8/5*5/1. Let l = 4 - 2. Calculate the highest common divisor of y and l.
2
Suppose 11 - 2 = -3*s. Let l = -2 - s. What is the highest common factor of 1 and l?
1
Let m(x) = -2*x - 4. Let n be m(-3). Let j be 12/3 + (2 - n). Calculate the greatest common factor of 2 and j.
2
Suppose 0 = -11*o + 4*o + 91. What is the greatest common factor of o and 117?
13
Let a(i) = -i**2 + 7*i - 1. Let c be a(5). Let h be -6*(-1)/(-2) + 1. Let x be h/c + (-276)/(-27). What is the greatest common divisor of 4 and x?
2
Suppose -3*a = -4*a + 20. Let z be (-12)/(-66) - (1 - (-898)/(-22)). What is the greatest common divisor of z and a?
20
Let r be (1 - 13)*(-3)/(-9). Let f be ((-38)/4)/(2/r). What is the greatest common divisor of 209 and f?
19
Let p = 242 + -44. Let d be (-9)/(-4)*(-4 + 0). Let j(f) = f**3 + 9*f**2 - 2*f + 4. Let c be j(d). What is the greatest common divisor of p and c?
22
Let a(o) = -8*o - 8 + o**3 - 7*o**2 + 17*o + 18*o**2. Let g be a(-10). What is the highest common divisor of 4 and g?
2
Let c(r) = 12*r**2 + 12*r - 12. Let t be c(-8). What is the highest common divisor of 60 and t?
60
Let d = -41 - -81. What is the greatest common factor of d and 5?
5
Suppose 0 = -5*u + 10 - 0. Let d = 1 + u. Let f be 66/4 + d/(-6). What is the greatest common factor of 4 and f?
4
Let q be (3 + 25)*12/7. Let d(o) = 2*o**3 + 6*o**2 - 5*o - 3. Let s be d(-3). Calculate the greatest common divisor of q and s.
12
Let m = -1 - -10. Calculate the greatest common divisor of m and 3.
3
Let s(q) = -q**3 + 10*q**2 - 21*q + 4. Let b be s(6). Calculate the greatest common factor of 22 and b.
22
Let q = -2 - -6. Let z be 3/((45/24)/5). What is the greatest common divisor of q and z?
4
Suppose 10 = j - 3*m, 18 = -j + 5*j - m. Suppose -j*w + 70 = -2*w. Calculate the greatest common divisor of 14 and w.
7
Let t(w) = -w**3 + 8*w**2 + 7*w + 8. Let n be t(8). Calculate the highest common factor of n and 16.
16
Let m = 8 + -4. Let w(k) = -5*k - 1. Let l be w(-1). Calculate the highest common factor of m and l.
4
Let r(t) = -t**3 + 10*t**2 - 3*t + 4. Let y be r(4). Calculate the highest common divisor of 11 and y.
11
Let x(k) = 5*k. Let s be x(2). Suppose 3*v - b = -3*b - 5, 0 = 2*v - 4*b + 14. Let c be (-439)/(-4) + v/(-12). What is the highest common factor of s and c?
10
Let i = -2 - -3. Suppose m = 3*s - i - 0, 66 = 4*m + 2*s. What is the highest common divisor of m and 70?
14
Let x(s) = s**3 + 6*s**2 - 7*s. Let q be x(-6). What is the greatest common factor of q and 14?
14
Let d be (-174)/(-15) + 6/15. What is the greatest common factor of d and 30?
6
Suppose -2*d = 5*r - 17, 5*d + 2*r - 7 = 4*d. Let x be (885/9 + d)*3. Let s = -177 + x. Calculate the greatest common divisor of 11 and s.
11
Suppose 5*w + 41 = f - 0*f, -f = 2*w - 6. Let h = -9 + f. Let k = -1 + h. Calculate the greatest common factor of k and 15.
3
Let w(s) = 17*s**2 + 5*s + 5. Let v be w(-3). What is the highest common divisor of 11 and v?
11
Suppose 2*w - 6 = 18. Let h be 12/1 + (-8 - -8). Calculate the highest common factor of h and w.
12
Suppose -k + 5 = 0, 5*f = -2*k - 0*k + 25. Let v = 0 - 0. Suppose -2*c - u + 109 = v, -f*u - 20 = 2*c - 139. Calculate the highest common divisor of c and 13.
13
Let h(j) = -j**3 + 9*j**2 + 3*j + 9. Let i be h(8). Suppose 29 = -2*c + i. Calculate the highest common factor of c and 238.
34
Let f(o) = o**2 + 3*o + 7. Let t be f(-4). Calculate the greatest common factor of 33 and t.
11
Let q(w) = -w**3 + w**2 + w - 1. Let k be q(-2). Calculate the greatest common factor of k and 63.
9
Let y be (-22)/((-3 - (-2 + 0))*1). Calculate the highest common divisor of y and 198.
22
Suppose 2*s + 8 = 2*o, 3*s + 18 = 4*o - 2*s. Suppose -8 = -3*c + 5*d, o*d + 3*d = c + 14. What is the highest common divisor of 55 and c?
11
Suppose 3*o + 0*o - 792 = 0. Suppose 3*p - 71 = -g, 2*g + 46 = 4*p - 52. What is the highest common divisor of o and p?
24
Let n(u) = -u**3 - u**2 - 2*u + 6. Let i be n(-4). Calculate the greatest common divisor of 155 and i.
31
Let a(n) = -14*n + 4. Let r(x) = 42*x - 11. Let w(y) = -8*a(y) - 3*r(y). Let k be w(-1). Let c = 36 - 21. What is the highest common factor of c and k?
15
Let k(q) = -q - 13. Let u be k(-18). Calculate the greatest common factor of 10 and u.
5
Suppose 27 = 2*w + 7. What is the greatest common factor of 50 and w?
10
Let h(b) = -2*b + 7. Let t(c) = 3*c - 13. Let s(j) = 7*h(j) + 4*t(j). Let m be s(-8). Let w = 37 - m. Calculate the greatest common divisor of w and 8.
8
Suppose 3*j - 351 = -4*m, -3*m = -0*j + j - 267. What is the highest common divisor of m and 10?
10
Suppose -3*b - 3*y = -b - 20, -4*b - 3*y = -28. Suppose 3*p - b - 14 = 0. What is the highest common factor of p and 54?
6
Let v be (-1 - -2) + 5 + -2. Let y be (-2)/v*(0 - 0). Suppose y*l + 20 = 4*l. What is the greatest common factor of l and 5?
5
Let j(q) = q + 1. Let b be j(-3). Let a be 4/b*(4 - 5). Let d = a + -1. Calculate the greatest common divisor of d and 3.
1
Suppose 3*g = 53 + 7. What is the greatest common factor of g and 5?
5
Let l = -2 - -6. Suppose -m = -1 + l. Let u = 2 - m. Calculate the highest common divisor of u and 40.
5
Let z(y) = -y**3 + y**2 + 2*y + 1. Let x be z(-1). Let c = x - 0. Calculate the highest common divisor of c and 8.
1
Let n be 2/(